rime number?
False
Is 34422469 prime?
False
Is 5999365249 composite?
False
Is 6026050691 a composite number?
True
Is 14115650869 a prime number?
True
Is 5204535761 composite?
True
Is 1401655093 a prime number?
False
Is 20432311989 composite?
True
Is 2601426899 a composite number?
False
Is 5355102667 a composite number?
True
Is 47843909 composite?
False
Is 1269599573 prime?
False
Is 674325347 prime?
False
Is 9749433979 a prime number?
True
Is 8879760509 a composite number?
False
Is 21240978089 a prime number?
True
Is 2685441161 a composite number?
True
Is 803998751 a composite number?
True
Is 397251427 prime?
False
Is 333286297 prime?
True
Is 961138447 a composite number?
False
Is 30489637951 prime?
False
Is 2137765063 prime?
False
Is 12063468587 prime?
True
Is 236544263 a prime number?
True
Is 495635891 a composite number?
False
Is 2123640179 composite?
True
Is 2503023413 a composite number?
True
Is 14356072873 prime?
False
Is 176336863 a composite number?
False
Is 40317118091 composite?
True
Is 24873003889 a prime number?
False
Is 63387721 a composite number?
False
Is 75658427851 a prime number?
True
Is 151028489 a composite number?
False
Is 2353594337 prime?
False
Is 16503478457 prime?
True
Is 6412072661 prime?
True
Is 7455737 composite?
False
Is 12343035553 composite?
False
Is 3041795983 a prime number?
True
Is 28386576347 prime?
False
Is 86511614833 a composite number?
True
Is 7411699849 prime?
True
Is 275622049517 a composite number?
True
Is 362015881 composite?
True
Is 26179 prime?
False
Is 2487781109 a prime number?
False
Is 6861832771 a prime number?
True
Is 88081781 a prime number?
True
Is 27170903317 prime?
False
Is 10848011689 prime?
False
Is 1931649691 prime?
False
Is 5062073039 a composite number?
True
Is 19413537133 a prime number?
False
Is 11139654973 prime?
True
Is 177101531 a composite number?
False
Is 25137907103 a prime number?
False
Is 94053254893 prime?
False
Is 12548637577 a composite number?
True
Is 1265092957 composite?
False
Is 65725214459 a prime number?
True
Is 22854908551 a prime number?
True
Is 40471512131 a composite number?
False
Is 69777151 prime?
True
Is 2885240261 a composite number?
False
Is 123773489 composite?
True
Is 13446110465 a prime number?
False
Is 8307250037 prime?
False
Is 12410309354 composite?
True
Is 20945927 prime?
True
Is 933374405 composite?
True
Is 7808669977 a prime number?
True
Is 13606824229 a composite number?
False
Is 5632188619 composite?
False
Is 18748703177 a composite number?
True
Is 129580849 a prime number?
False
Is 20845587691 composite?
False
Is 942989291 prime?
True
Is 195554128681 composite?
True
Is 19145690297 a composite number?
False
Is 8872103303 prime?
False
Is 61465669459 prime?
False
Is 103562913191 a prime number?
True
Is 987330217 a prime number?
True
Is 368995479 a prime number?
False
Is 8955326327 a composite number?
False
Is 5687613749 prime?
True
Is 1033709899 a composite number?
False
Is 915586873 composite?
False
Is 347058605 a prime number?
False
Is 18882459059 composite?
False
Is 28661390779 a prime number?
False
Is 47176415789 a prime number?
True
Is 4366714003 composite?
False
Is 8588646161 composite?
True
Is 15646885039 a composite number?
True
Is 3795357373 a prime number?
False
Is 14409226451 a composite number?
False
Is 396812599 composite?
False
Is 299129041 prime?
True
Is 378234271 prime?
False
Is 17359206703 composite?
False
Is 89672803453 a composite number?
True
Is 1427181439 prime?
False
Is 374069498345 a prime number?
False
Is 1310020321 a prime number?
True
Is 278318167 a composite number?
False
Is 696728027 a composite number?
False
Is 1730733383 prime?
True
Is 2660790901 a composite number?
False
Is 34283693883 prime?
False
Is 1474586657 composite?
False
Is 2745137 prime?
False
Is 774601903 a prime number?
True
Is 34504780421 a prime number?
False
Is 335421899 prime?
False
Is 460819039 composite?
True
Is 606523481 prime?
False
Is 649699879 a composite number?
False
Is 86238525287 composite?
True
Is 16564278613 a composite number?
True
Is 3787304597 composite?
False
Is 35522115481 composite?
False
Is 4837329793 a prime number?
False
Is 10904287007 a composite number?
False
Is 71191151 a composite number?
True
Is 24482895323 a composite number?
False
Is 1443609977 a composite number?
False
Is 9227754451 composite?
False
Is 1329044449 a composite number?
True
Is 109658011 composite?
False
Is 82350742919 a prime number?
False
Is 755216669 a composite number?
False
Is 3424287037 a prime number?
False
Is 58392928117 a composite number?
False
Is 742049033 a composite number?
True
Is 1005837421 prime?
False
Is 177946031 a prime number?
True
Is 222870499 a composite number?
True
Is 79316255899 a composite number?
False
Is 1695464921 prime?
True
Is 6040373639 composite?
True
Is 45551509219 a composite number?
True
Is 119517797507 prime?
True
Is 62675455 prime?
False
Is 72235699993 prime?
False
Is 24135331567 a composite number?
False
Is 263045527 prime?
False
Is 12522675563 a prime number?
True
Is 828027659 a composite number?
False
Is 966466009 prime?
True
Is 493054019 a prime number?
True
Is 21382781351 a prime number?
False
Is 4567168127 composite?
False
Is 2320891673 a composite number?
True
Is 4296931631 a composite number?
False
Is 10199819893 prime?
True
Is 3287703257 prime?
False
Is 56686493 prime?
True
Is 1284741971 prime?
True
Is 94072204651 a composite number?
True
Is 525711787 a composite number?
False
Is 31168065191 a prime number?
True
Is 47364588391 composite?
True
Is 2626624727 prime?
True
Is 387451411 a composite number?
False
Is 156731443609 a composite number?
True
Is 1958932523 prime?
False
Is 2588925167 prime?
False
Is 51566177557 prime?
False
Is 11063842589 a prime number?
True
Is 28485018989 prime?
False
Is 51086748877 a composite number?
False
Is 5516313277 prime?
True
Is 1413280223 composite?
False
Is 912635839 a composite number?
True
Is 7764428354 a prime number?
False
Is 49766932537 prime?
False
Is 2696962727 a composite number?
True
Is 569210783 a composite number?
True
Is 2379571213 prime?
True
Is 58748983 prime?
False
Is 169571609 composite?
True
Is 1502099381 prime?
True
Is 6215484791 composite?
False
Is 633766593 a prime number?
False
Is 159318073 a composite number?
True
Is 6501356041 prime?
False
Is 4580978951 a composite number?
True
Is 2286216689 a composite number?
False
Is 114883799279 a prime number?
False
Is 500310677 a prime number?
True
Is 23648507 a composite number?
True
Is 2220908029 prime?
True
Is 509010073847 a composite number?
True
Is 13862961359 a prime number?
False
Is 6828737761 a composite number?
False
Is 2378343813 a prime number?
False
Is 970376579 composite?
False
Is 1909760641 composite?
False
Is 10180522547 prime?
False
Is 24517989127 composite?
False
Is 2710630711 composite?
False
Is 29940761417 composite?
True
Is 2705871967 a prime number?
True
Is 15600532537 prime?
False
Is 169434443 a composite number?
True
Is 38203219357 composite?
False
Is 225572129 a prime number?
False
Is 28414233193 prime?
True
Is 11950843919 prime?
False
Is 286253770643 a composite number?
False
Is 362017277 a composite number?
False
Is 642869069 prime?
True
Is 148879873 prime?
False
Is 121710601 a composite number?
False
Is 47810165069 prime?
True
Is 8083102249 composite?
False
Is 1395583471 a prime number?
True
Is 1768396207 composite?
False
Is 216679907 a composite number?
True
Is 16923787643 a prime number?
False
Is 18553151083 prime?
False
Is 5191493779 a prime number?
False
Is 4390118371 a composite number?
False
Is 2371750679 prime?
True
Is 3631518691 a prime number?
False
Is 8293673653 a composite number?
True
Is 574807327 prime?
True
Is 633134171 a prime number?
True
Is 1267838714995 a composite number?
True
Is 8373289865 a prime number?
False
Is 5136802081 prime?
False
Is 220170931 a prime number?
True
Is 16672596341 a composite number?
False
Is 6048663353 prime?
True
Is 110915864167 prime?
True
Is 6493403083 a prime number?
False
Is 61470749 composite?
True
Is 32661463 composite?
True
Is 1511618453 composite?
True
Is 25919053 composite?
False
Is 398621507 a composite number?
True
Is 317762606351 composite?
False
Is 35907691 composite?
False
Is 1781425963 a prime number?
False
Is 1809874921 a composite nu